{"id":763,"date":"2024-07-09T18:54:31","date_gmt":"2024-07-09T18:54:31","guid":{"rendered":"http:\/\/localhost\/tss\/?post_type=product&#038;p=763"},"modified":"2026-03-31T15:48:36","modified_gmt":"2026-03-31T15:48:36","slug":"alarme-maison-sans-fil-hikvision-ax-pro-ds-pwa64-l-wb-installation-gratuite","status":"publish","type":"product","link":"https:\/\/tssinformatique.tn\/index.php\/product\/alarme-maison-sans-fil-hikvision-ax-pro-ds-pwa64-l-wb-installation-gratuite\/","title":{"rendered":"Alarme maison sans fil Hikvision AX PRO DS-PWA64-L-WB"},"content":{"rendered":"<h2 style=\"text-align: center;\">Prot\u00e9gez Votre Propri\u00e9t\u00e9 Avec AX PRO: Le Syst\u00e8me D&#8217;alarme\u00a0<span class=\"description_motneeded_2\">Maison<\/span>\u00a0Sans Fil Avanc\u00e9<\/h2>\n<hr \/>\n<div class=\"home-banner\">\n<div class=\"row\">\n<div class=\"col col-md-6 col-xs-12\">\n<div class=\"banner-box\">\u00a0 \u00a0 \u00a0<img fetchpriority=\"high\" decoding=\"async\" class=\"size-medium wp-image-769 aligncenter\" src=\"https:\/\/tssinformatique.tn\/wp-content\/uploads\/2024\/07\/1-1-300x300.jpg\" alt=\"\" width=\"300\" height=\"300\" srcset=\"https:\/\/tssinformatique.tn\/wp-content\/uploads\/2024\/07\/1-1-300x300.jpg 300w, https:\/\/tssinformatique.tn\/wp-content\/uploads\/2024\/07\/1-1-150x150.jpg 150w, https:\/\/tssinformatique.tn\/wp-content\/uploads\/2024\/07\/1-1-768x768.jpg 768w, https:\/\/tssinformatique.tn\/wp-content\/uploads\/2024\/07\/1-1-600x600.jpg 600w, https:\/\/tssinformatique.tn\/wp-content\/uploads\/2024\/07\/1-1-100x100.jpg 100w, https:\/\/tssinformatique.tn\/wp-content\/uploads\/2024\/07\/1-1.jpg 800w\" sizes=\"(max-width: 300px) 100vw, 300px\" \/><\/div>\n<div>\n<p><strong>Le syst\u00e8me d&#8217;alarme Hikvision AX PRO est un choix id\u00e9al pour la protection de diff\u00e9rents types de b\u00e2timents tels que les villas, les bureaux, les magasins, etc<\/strong>. Il est dot\u00e9 de d\u00e9tections pr\u00e9cises et offre une protection compl\u00e8te.<\/p>\n<p>AX PRO est n\u00e9cessaire pour avoir une r\u00e9elle assurance en \u00e9tant en mesure de voir ce qui se passe imm\u00e9diatement lorsque vous \u00eates loin de chez vous ou de votre entreprise. C&#8217;est un syst\u00e8me sans fil facile \u00e0 utiliser et flexible.<\/p>\n<p>De plus, AX PRO est \u00e9quip\u00e9 d&#8217;une technologie avanc\u00e9e qui vous permet de surveiller votre propri\u00e9t\u00e9 \u00e0 distance \u00e0 tout moment via une application mobile. Vous pouvez recevoir des alertes en temps r\u00e9el en cas de d\u00e9tection de mouvements ou de sons suspects, et vous pouvez \u00e9galement visualiser des enregistrements en direct ou en diff\u00e9r\u00e9. Cela vous donne une tranquillit\u00e9 d&#8217;esprit suppl\u00e9mentaire en sachant que votre propri\u00e9t\u00e9 est en s\u00e9curit\u00e9, o\u00f9 que vous soyez.<\/p>\n<hr \/>\n<h2 style=\"text-align: center;\">Ce Kit D&#8217;alarme Comprend.<\/h2>\n<p><img decoding=\"async\" class=\"size-medium wp-image-764 alignleft\" src=\"https:\/\/tssinformatique.tn\/wp-content\/uploads\/2024\/07\/6-300x300.jpg\" alt=\"\" width=\"300\" height=\"300\" srcset=\"https:\/\/tssinformatique.tn\/wp-content\/uploads\/2024\/07\/6-300x300.jpg 300w, https:\/\/tssinformatique.tn\/wp-content\/uploads\/2024\/07\/6-150x150.jpg 150w, https:\/\/tssinformatique.tn\/wp-content\/uploads\/2024\/07\/6-100x100.jpg 100w, https:\/\/tssinformatique.tn\/wp-content\/uploads\/2024\/07\/6.jpg 360w\" sizes=\"(max-width: 300px) 100vw, 300px\" \/> <img decoding=\"async\" class=\"size-medium wp-image-765 alignleft\" src=\"https:\/\/tssinformatique.tn\/wp-content\/uploads\/2024\/07\/5-1-300x300.jpg\" alt=\"\" width=\"300\" height=\"300\" srcset=\"https:\/\/tssinformatique.tn\/wp-content\/uploads\/2024\/07\/5-1-300x300.jpg 300w, https:\/\/tssinformatique.tn\/wp-content\/uploads\/2024\/07\/5-1-150x150.jpg 150w, https:\/\/tssinformatique.tn\/wp-content\/uploads\/2024\/07\/5-1-768x768.jpg 768w, https:\/\/tssinformatique.tn\/wp-content\/uploads\/2024\/07\/5-1-600x600.jpg 600w, https:\/\/tssinformatique.tn\/wp-content\/uploads\/2024\/07\/5-1-100x100.jpg 100w, https:\/\/tssinformatique.tn\/wp-content\/uploads\/2024\/07\/5-1.jpg 800w\" sizes=\"(max-width: 300px) 100vw, 300px\" \/> <img loading=\"lazy\" decoding=\"async\" class=\"size-medium wp-image-768 alignleft\" src=\"https:\/\/tssinformatique.tn\/wp-content\/uploads\/2024\/07\/2-1-300x300.jpg\" alt=\"\" width=\"300\" height=\"300\" srcset=\"https:\/\/tssinformatique.tn\/wp-content\/uploads\/2024\/07\/2-1-300x300.jpg 300w, https:\/\/tssinformatique.tn\/wp-content\/uploads\/2024\/07\/2-1-150x150.jpg 150w, https:\/\/tssinformatique.tn\/wp-content\/uploads\/2024\/07\/2-1-100x100.jpg 100w, https:\/\/tssinformatique.tn\/wp-content\/uploads\/2024\/07\/2-1.jpg 360w\" sizes=\"(max-width: 300px) 100vw, 300px\" \/><\/p>\n<p><img loading=\"lazy\" decoding=\"async\" class=\"alignnone size-medium wp-image-766\" src=\"https:\/\/tssinformatique.tn\/wp-content\/uploads\/2024\/07\/4-1-300x300.jpg\" alt=\"\" width=\"300\" height=\"300\" srcset=\"https:\/\/tssinformatique.tn\/wp-content\/uploads\/2024\/07\/4-1-300x300.jpg 300w, https:\/\/tssinformatique.tn\/wp-content\/uploads\/2024\/07\/4-1-150x150.jpg 150w, https:\/\/tssinformatique.tn\/wp-content\/uploads\/2024\/07\/4-1-100x100.jpg 100w, https:\/\/tssinformatique.tn\/wp-content\/uploads\/2024\/07\/4-1.jpg 360w\" sizes=\"(max-width: 300px) 100vw, 300px\" \/><\/p>\n<\/div>\n<\/div>\n<p><strong>\u00a0 \u00a0 \u00a0 \u00a0 \u00a0 \u00a0 \u00a0 \u00a0 \u00a0 \u00a0 \u00a0DS-PKF1-WB\u00a0 \u00a0 \u00a0 \u00a0 \u00a0 \u00a0 \u00a0 \u00a0 \u00a0 \u00a0 \u00a0 \u00a0 \u00a0 \u00a0 \u00a0 \u00a0 \u00a0 \u00a0 \u00a0 \u00a0 \u00a0 \u00a0 \u00a0 \u00a0 \u00a0Ds-PDMC-EG2-WB\u00a0 \u00a0 \u00a0 \u00a0 \u00a0 \u00a0 \u00a0 \u00a0 \u00a0 \u00a0 \u00a0 \u00a0 \u00a0 \u00a0 \u00a0 \u00a0 \u00a0 \u00a0 \u00a0DS-PS16-E-WB\/RED\u00a0 \u00a0 \u00a0 \u00a0 \u00a0 \u00a0 \u00a0 \u00a0 \u00a0 \u00a0 \u00a0 \u00a0 \u00a0 \u00a0 \u00a0 \u00a0 \u00a0 \u00a0 \u00a0 \u00a0 \u00a0 \u00a0 \u00a0 DS-PDP15P-EG2-WB\u00a0 \u00a0<\/strong><\/p>\n<p>T\u00e9l\u00e9commande\u00a0 \u00a0 \u00a0 \u00a0 \u00a0 \u00a0 \u00a0 \u00a0 \u00a0 \u00a0 \u00a0 \u00a0 \u00a0 \u00a0 \u00a0 \u00a0 \u00a0 \u00a0 \u00a0 \u00a0 \u00a0 \u00a0 \u00a0 \u00a0 \u00a0 \u00a0 Contact d&#8217;ouverture\u00a0 \u00a0 \u00a0 \u00a0 \u00a0 \u00a0 \u00a0 \u00a0 \u00a0 \u00a0 \u00a0 \u00a0 \u00a0 \u00a0 \u00a0 \u00a0 \u00a0 \u00a0 \u00a0 \u00a0 \u00a0 \u00a0Sir\u00e9ne ext\u00e9rieure sans fil flash rouge\u00a0 \u00a0 \u00a0 \u00a0 \u00a0 \u00a0 \u00a0 \u00a0 \u00a0 \u00a0 \u00a0 \u00a0 \u00a0 D\u00e9tecteur de mouvement sans fil<\/p>\n<hr \/>\n<div class=\"col col-md-6 col-xs-12\">\n<div>\n<h2 style=\"text-align: center;\">D\u00e9couvrez Les Avantages Exclusifs D&#8217;alarme Hikvision AX PRO<\/h2>\n<p><img loading=\"lazy\" decoding=\"async\" class=\"alignnone size-medium wp-image-770 aligncenter\" src=\"https:\/\/tssinformatique.tn\/wp-content\/uploads\/2024\/07\/7-300x171.jpg\" alt=\"\" width=\"300\" height=\"171\" srcset=\"https:\/\/tssinformatique.tn\/wp-content\/uploads\/2024\/07\/7-300x171.jpg 300w, https:\/\/tssinformatique.tn\/wp-content\/uploads\/2024\/07\/7-600x343.jpg 600w, https:\/\/tssinformatique.tn\/wp-content\/uploads\/2024\/07\/7.jpg 700w\" sizes=\"(max-width: 300px) 100vw, 300px\" \/><\/p>\n<h3>Protection Ultime : Obtenez Plus Avec Cette Solution Compl\u00e8te.<\/h3>\n<p><b>Gardez un \u0153il sur chaque coin de votre maison ,<\/b>\u00a0\u00e0 l&#8217;int\u00e9rieur comme \u00e0 l&#8217;ext\u00e9rieur, avec une vari\u00e9t\u00e9 de d\u00e9tecteurs couvrant les intrusions, le verre bris\u00e9, la fum\u00e9e et le feu, ainsi que les fuites d&#8217;eau ou de gaz &#8211; et plus encore.<\/p>\n<p><b>B\u00e9n\u00e9ficiez d&#8217;une gestion intelligente de vos lumi\u00e8res<\/b>, climatisation et autres appareils \u00e9lectriques, pour une maison plus intelligente et \u00e9conome en \u00e9nergie.<\/p>\n<p><b>G\u00e9rez tous les syst\u00e8mes Hikvision sur une seule plate -forme<\/b>\u00a0, y compris la s\u00e9curit\u00e9 vid\u00e9o, le contr\u00f4le d&#8217;acc\u00e8s, l&#8217;interphone vid\u00e9o, etc.<\/p>\n<hr \/>\n<p><img loading=\"lazy\" decoding=\"async\" class=\"alignnone size-medium wp-image-771 aligncenter\" src=\"https:\/\/tssinformatique.tn\/wp-content\/uploads\/2024\/07\/8-300x171.jpg\" alt=\"\" width=\"300\" height=\"171\" srcset=\"https:\/\/tssinformatique.tn\/wp-content\/uploads\/2024\/07\/8-300x171.jpg 300w, https:\/\/tssinformatique.tn\/wp-content\/uploads\/2024\/07\/8-600x343.jpg 600w, https:\/\/tssinformatique.tn\/wp-content\/uploads\/2024\/07\/8.jpg 700w\" sizes=\"(max-width: 300px) 100vw, 300px\" \/><\/p>\n<h3>Inspection Rapide Et Visuelle.<\/h3>\n<p>Restez inform\u00e9 gr\u00e2ce \u00e0 des images HD ou des clips vid\u00e9o aliment\u00e9s par la technologie IVaaS.<\/p>\n<p>Recevez des alertes instantan\u00e9es sur les menaces avec une transmission rapide.<\/p>\n<p><b>\u00c9vitez le casse-t\u00eate des fausses alarmes car le syst\u00e8me ne d\u00e9tecte que les v\u00e9ritables intrus et autres \u00e9v\u00e9nements,<\/b>\u00a0pas vos animaux de compagnie.<\/p>\n<\/div>\n<\/div>\n<h2 style=\"text-align: center;\">Ce Qui Nous Pouvons Ajouter Pour Am\u00e9liorer Notre Kit Anti-Intrusuin<\/h2>\n<p>La gamme sans fil Hikvision AX PRO comprend \u00e9galement de nombreux d\u00e9tecteurs suppl\u00e9mentaires pour am\u00e9liorer la s\u00e9curit\u00e9 de la maison et de l&#8217;entreprise. Ceux-ci comprennent des boutons d&#8217;urgence portables et muraux, un d\u00e9tecteur de fum\u00e9e certifi\u00e9 EN 14604 avec une autonomie de 10 ans, un d\u00e9tecteur de fuite d&#8217;eau et un d\u00e9tecteur de temp\u00e9rature.<\/p>\n<hr \/>\n<p><a href=\"https:\/\/tssinformatique.tn\/index.php\/product-category\/systeme-alarme-maison\/\"><img loading=\"lazy\" decoding=\"async\" class=\"aligncenter wp-image-772 size-medium\" src=\"https:\/\/tssinformatique.tn\/wp-content\/uploads\/2024\/07\/9-300x300.jpg\" alt=\"\" width=\"300\" height=\"300\" srcset=\"https:\/\/tssinformatique.tn\/wp-content\/uploads\/2024\/07\/9-300x300.jpg 300w, https:\/\/tssinformatique.tn\/wp-content\/uploads\/2024\/07\/9-150x150.jpg 150w, https:\/\/tssinformatique.tn\/wp-content\/uploads\/2024\/07\/9-600x600.jpg 600w, https:\/\/tssinformatique.tn\/wp-content\/uploads\/2024\/07\/9-100x100.jpg 100w, https:\/\/tssinformatique.tn\/wp-content\/uploads\/2024\/07\/9.jpg 736w\" sizes=\"(max-width: 300px) 100vw, 300px\" \/><\/a><\/p>\n<p><strong>Faites passer votre syst\u00e8me d&#8217;alarme au niveau sup\u00e9rieur avec l&#8217;ajout d&#8217;une cam\u00e9ra de surveillance.<\/strong>\u00a0Chez Loop Tunisie, nous proposons \u00e9galement des kits de surveillance par cam\u00e9ra pour vous aider \u00e0 mettre \u00e0 niveau votre syst\u00e8me de s\u00e9curit\u00e9.<\/p>\n<p>Avec une cam\u00e9ra en place, vous pourrez surveiller votre maison ou vos affaires plus efficacement et restez inform\u00e9 de toute menace potentielle en temps r\u00e9el.<\/p>\n<p>Nos cam\u00e9ras haute d\u00e9finition fournissent des images cristallines, tandis que nos clips vid\u00e9o et nos alertes instantan\u00e9es vous tiendront inform\u00e9 \u00e0 tout moment. De plus, notre technologie avanc\u00e9e \u00e9limine les fausses alarmes, en veillant \u00e0 ne recevoir que des notifications concernant de v\u00e9ritables intrus ou d&#8217;autres \u00e9v\u00e9nements importants.<\/p>\n<p>Am\u00e9liorez votre syst\u00e8me de s\u00e9curit\u00e9 d\u00e8s aujourd&#8217;hui avec un kit de surveillance par cam\u00e9ra de Loop Tunisie.<\/p>\n<hr \/>\n<p>&nbsp;<\/p>\n<\/div>\n<\/div>\n","protected":false},"excerpt":{"rendered":"<ul>\n<li>1 Centrale d&#8217;alarme Ax Pro\u00a0<strong>DS-PWA64-L-WB<\/strong><\/li>\n<li>1 D\u00e9tecteur de mouvement<\/li>\n<li>1 D\u00e9tecteur d&#8217;ouverture<\/li>\n<li>1 T\u00e9l\u00e9commande<\/li>\n<li>1 Sir\u00e8ne ext\u00e9rieur\u00a0<strong>sans fil<\/strong><\/li>\n<\/ul>\n","protected":false},"featured_media":769,"comment_status":"open","ping_status":"closed","template":"","meta":[],"pwb-brand":[97],"product_brand":[],"product_cat":[44,39],"product_tag":[79,80],"class_list":{"0":"post-763","1":"product","2":"type-product","3":"status-publish","4":"has-post-thumbnail","6":"pwb-brand-hikvision","7":"product_cat-alarme-sans-fil","8":"product_cat-systeme-alarme-maison","9":"product_tag-alarme-maison","10":"product_tag-systeme-alarme","12":"first","13":"instock","14":"sale","15":"shipping-taxable","16":"purchasable","17":"product-type-variable"},"brands":[{"id":97,"name":"hikvision","slug":"hikvision"}],"_links":{"self":[{"href":"https:\/\/tssinformatique.tn\/index.php\/wp-json\/wp\/v2\/product\/763","targetHints":{"allow":["GET"]}}],"collection":[{"href":"https:\/\/tssinformatique.tn\/index.php\/wp-json\/wp\/v2\/product"}],"about":[{"href":"https:\/\/tssinformatique.tn\/index.php\/wp-json\/wp\/v2\/types\/product"}],"replies":[{"embeddable":true,"href":"https:\/\/tssinformatique.tn\/index.php\/wp-json\/wp\/v2\/comments?post=763"}],"wp:featuredmedia":[{"embeddable":true,"href":"https:\/\/tssinformatique.tn\/index.php\/wp-json\/wp\/v2\/media\/769"}],"wp:attachment":[{"href":"https:\/\/tssinformatique.tn\/index.php\/wp-json\/wp\/v2\/media?parent=763"}],"wp:term":[{"taxonomy":"pwb-brand","embeddable":true,"href":"https:\/\/tssinformatique.tn\/index.php\/wp-json\/wp\/v2\/pwb-brand?post=763"},{"taxonomy":"product_brand","embeddable":true,"href":"https:\/\/tssinformatique.tn\/index.php\/wp-json\/wp\/v2\/product_brand?post=763"},{"taxonomy":"product_cat","embeddable":true,"href":"https:\/\/tssinformatique.tn\/index.php\/wp-json\/wp\/v2\/product_cat?post=763"},{"taxonomy":"product_tag","embeddable":true,"href":"https:\/\/tssinformatique.tn\/index.php\/wp-json\/wp\/v2\/product_tag?post=763"}],"curies":[{"name":"wp","href":"https:\/\/api.w.org\/{rel}","templated":true}]}}