{"id":23097,"date":"2025-10-07T00:28:31","date_gmt":"2025-10-07T00:28:31","guid":{"rendered":"https:\/\/tssinformatique.tn\/?post_type=product&#038;p=23097"},"modified":"2025-10-07T00:28:31","modified_gmt":"2025-10-07T00:28:31","slug":"telecommande-sans-fil-ajax","status":"publish","type":"product","link":"https:\/\/tssinformatique.tn\/index.php\/product\/telecommande-sans-fil-ajax\/","title":{"rendered":"TELECOMMANDE SANS FIL AJAX"},"content":{"rendered":"","protected":false},"excerpt":{"rendered":"<ul>\n<li>Fonctionne \u00e0 une distance maximale de\u00a01300 m\u00e8tres\u00a0en champ libre.<\/li>\n<li>Permet de\u00a0d\u00e9sactiver\u00a0et\u00a0activer\u00a0en mode\u00a0total ou partiel\u00a0l\u2019alarme AJAX.<\/li>\n<li>Muni d\u2019un\u00a0bouton panique\u00a0(pouvant \u00eatre neutraliser via l\u2019appli) permettant de\u00a0d\u00e9clencher la sir\u00e8ne\u00a0et d\u2019envoyer un push\u00a0ou un\u00a0SMS \u00e0 chacun des utilisateurs enregistr\u00e9s\u00a0en cas d\u2019agression.<\/li>\n<li>Cette t\u00e9l\u00e9commande fonctionne via un\u00a0cryptage radio\u00a0prot\u00e9g\u00e9 \u00e0 code progressif rendant son\u00a0signal ind\u00e9tectable.<\/li>\n<li>Elle offre une dur\u00e9e de vie de la batterie de 3 ans.<\/li>\n<li>L\u2019installation de la t\u00e9l\u00e9commande AJAX se fait par\u00a0simple fash du QR Code.<\/li>\n<\/ul>\n","protected":false},"featured_media":23098,"comment_status":"open","ping_status":"closed","template":"","meta":[],"pwb-brand":[116],"product_brand":[],"product_cat":[47,39],"product_tag":[],"class_list":{"0":"post-23097","1":"product","2":"type-product","3":"status-publish","4":"has-post-thumbnail","6":"pwb-brand-ajax","7":"product_cat-clavier-alarme","8":"product_cat-systeme-alarme-maison","10":"first","11":"instock","12":"shipping-taxable","13":"purchasable","14":"product-type-simple"},"brands":[{"id":116,"name":"Ajax","slug":"ajax"}],"_links":{"self":[{"href":"https:\/\/tssinformatique.tn\/index.php\/wp-json\/wp\/v2\/product\/23097","targetHints":{"allow":["GET"]}}],"collection":[{"href":"https:\/\/tssinformatique.tn\/index.php\/wp-json\/wp\/v2\/product"}],"about":[{"href":"https:\/\/tssinformatique.tn\/index.php\/wp-json\/wp\/v2\/types\/product"}],"replies":[{"embeddable":true,"href":"https:\/\/tssinformatique.tn\/index.php\/wp-json\/wp\/v2\/comments?post=23097"}],"wp:featuredmedia":[{"embeddable":true,"href":"https:\/\/tssinformatique.tn\/index.php\/wp-json\/wp\/v2\/media\/23098"}],"wp:attachment":[{"href":"https:\/\/tssinformatique.tn\/index.php\/wp-json\/wp\/v2\/media?parent=23097"}],"wp:term":[{"taxonomy":"pwb-brand","embeddable":true,"href":"https:\/\/tssinformatique.tn\/index.php\/wp-json\/wp\/v2\/pwb-brand?post=23097"},{"taxonomy":"product_brand","embeddable":true,"href":"https:\/\/tssinformatique.tn\/index.php\/wp-json\/wp\/v2\/product_brand?post=23097"},{"taxonomy":"product_cat","embeddable":true,"href":"https:\/\/tssinformatique.tn\/index.php\/wp-json\/wp\/v2\/product_cat?post=23097"},{"taxonomy":"product_tag","embeddable":true,"href":"https:\/\/tssinformatique.tn\/index.php\/wp-json\/wp\/v2\/product_tag?post=23097"}],"curies":[{"name":"wp","href":"https:\/\/api.w.org\/{rel}","templated":true}]}}