{"id":23083,"date":"2025-10-07T00:18:25","date_gmt":"2025-10-07T00:18:25","guid":{"rendered":"https:\/\/tssinformatique.tn\/?post_type=product&#038;p=23083"},"modified":"2026-02-20T14:37:56","modified_gmt":"2026-02-20T14:37:56","slug":"contact-sans-fil-dahua-dhi-ard324-w2","status":"publish","type":"product","link":"https:\/\/tssinformatique.tn\/index.php\/product\/contact-sans-fil-dahua-dhi-ard324-w2\/","title":{"rendered":"Contact sans fil Dahua DHI-ARD324-W2"},"content":{"rendered":"","protected":false},"excerpt":{"rendered":"<ul>\n<li>1x entr\u00e9e d&#8217;alarme<\/li>\n<li>1x indicateur d\u2019alarme vert<\/li>\n<li>1x interrupteur d\u2019alimentation<\/li>\n<li>D\u00e9tection de batterie faible<\/li>\n<li>Affiche la temp\u00e9rature de l\u2019environnement environnant et prend en charge l\u2019alarme de surchauffe<\/li>\n<li>Prend en charge la d\u00e9tection de brouillage et le chiffrement des communications<\/li>\n<li>D\u00e9tection d\u2019inclinaison et de choc avec g\u00e9n\u00e9ration d\u2019alarme<\/li>\n<li>Plage de mesure : Int\u00e9rieur : \u201315 \u00b0C \u00e0 65 \u00b0C<\/li>\n<li>Pr\u00e9cision de mesure : \u00b11 \u00b0C<\/li>\n<li>Capteur : Acc\u00e9l\u00e9rom\u00e8tre triaxial, interrupteur \u00e0 lames<\/li>\n<li>Distance de mouvement : &lt; 40 mm (1,57\u201d)<\/li>\n<li>Courant de fonctionnement : 12 \u00b5A<\/li>\n<li>Courant d\u2019alarme : 2.3 mA<\/li>\n<li>Fr\u00e9quence porteuse : 868.0 MHz \u00e0 868.6 MHz<\/li>\n<li>M\u00e9canisme de communication : Bidirectionnel<\/li>\n<li>Distance de communication : Jusqu\u2019\u00e0 1 200 m en espace ouvert<\/li>\n<\/ul>\n","protected":false},"featured_media":23084,"comment_status":"open","ping_status":"closed","template":"","meta":[],"pwb-brand":[113],"product_brand":[],"product_cat":[45,39],"product_tag":[],"class_list":{"0":"post-23083","1":"product","2":"type-product","3":"status-publish","4":"has-post-thumbnail","6":"pwb-brand-dahua","7":"product_cat-detecteur-de-mouvement","8":"product_cat-systeme-alarme-maison","10":"first","11":"instock","12":"shipping-taxable","13":"purchasable","14":"product-type-simple"},"brands":[{"id":113,"name":"dahua","slug":"dahua"}],"_links":{"self":[{"href":"https:\/\/tssinformatique.tn\/index.php\/wp-json\/wp\/v2\/product\/23083","targetHints":{"allow":["GET"]}}],"collection":[{"href":"https:\/\/tssinformatique.tn\/index.php\/wp-json\/wp\/v2\/product"}],"about":[{"href":"https:\/\/tssinformatique.tn\/index.php\/wp-json\/wp\/v2\/types\/product"}],"replies":[{"embeddable":true,"href":"https:\/\/tssinformatique.tn\/index.php\/wp-json\/wp\/v2\/comments?post=23083"}],"wp:featuredmedia":[{"embeddable":true,"href":"https:\/\/tssinformatique.tn\/index.php\/wp-json\/wp\/v2\/media\/23084"}],"wp:attachment":[{"href":"https:\/\/tssinformatique.tn\/index.php\/wp-json\/wp\/v2\/media?parent=23083"}],"wp:term":[{"taxonomy":"pwb-brand","embeddable":true,"href":"https:\/\/tssinformatique.tn\/index.php\/wp-json\/wp\/v2\/pwb-brand?post=23083"},{"taxonomy":"product_brand","embeddable":true,"href":"https:\/\/tssinformatique.tn\/index.php\/wp-json\/wp\/v2\/product_brand?post=23083"},{"taxonomy":"product_cat","embeddable":true,"href":"https:\/\/tssinformatique.tn\/index.php\/wp-json\/wp\/v2\/product_cat?post=23083"},{"taxonomy":"product_tag","embeddable":true,"href":"https:\/\/tssinformatique.tn\/index.php\/wp-json\/wp\/v2\/product_tag?post=23083"}],"curies":[{"name":"wp","href":"https:\/\/api.w.org\/{rel}","templated":true}]}}