{"id":22742,"date":"2025-03-30T21:53:51","date_gmt":"2025-03-30T21:53:51","guid":{"rendered":"https:\/\/tssinformatique.tn\/?post_type=product&#038;p=22742"},"modified":"2026-03-04T00:10:23","modified_gmt":"2026-03-04T00:10:23","slug":"boite-de-jonction-etanche-2","status":"publish","type":"product","link":"https:\/\/tssinformatique.tn\/index.php\/product\/boite-de-jonction-etanche-2\/","title":{"rendered":"BOITE DE JONCTION CARRE COMPLET"},"content":{"rendered":"","protected":false},"excerpt":{"rendered":"<p><strong>Bo\u00eete de jonction \u00e9tanche<\/strong>\u00a0offre une protection IP67 contre la poussi\u00e8re et l\u2019eau, id\u00e9ale pour les installations ext\u00e9rieures et les syst\u00e8mes de vid\u00e9osurveillance. Durable et fiable, elle assure une connexion s\u00e9curis\u00e9e dans tous les environnements.<\/p>\n","protected":false},"featured_media":22743,"comment_status":"open","ping_status":"closed","template":"","meta":[],"pwb-brand":[],"product_brand":[],"product_cat":[96,88],"product_tag":[],"class_list":{"0":"post-22742","1":"product","2":"type-product","3":"status-publish","4":"has-post-thumbnail","6":"product_cat-cable-et-accessoires","7":"product_cat-camera-de-surveillance","9":"first","10":"instock","11":"shipping-taxable","12":"purchasable","13":"product-type-simple"},"brands":[],"_links":{"self":[{"href":"https:\/\/tssinformatique.tn\/index.php\/wp-json\/wp\/v2\/product\/22742","targetHints":{"allow":["GET"]}}],"collection":[{"href":"https:\/\/tssinformatique.tn\/index.php\/wp-json\/wp\/v2\/product"}],"about":[{"href":"https:\/\/tssinformatique.tn\/index.php\/wp-json\/wp\/v2\/types\/product"}],"replies":[{"embeddable":true,"href":"https:\/\/tssinformatique.tn\/index.php\/wp-json\/wp\/v2\/comments?post=22742"}],"wp:featuredmedia":[{"embeddable":true,"href":"https:\/\/tssinformatique.tn\/index.php\/wp-json\/wp\/v2\/media\/22743"}],"wp:attachment":[{"href":"https:\/\/tssinformatique.tn\/index.php\/wp-json\/wp\/v2\/media?parent=22742"}],"wp:term":[{"taxonomy":"pwb-brand","embeddable":true,"href":"https:\/\/tssinformatique.tn\/index.php\/wp-json\/wp\/v2\/pwb-brand?post=22742"},{"taxonomy":"product_brand","embeddable":true,"href":"https:\/\/tssinformatique.tn\/index.php\/wp-json\/wp\/v2\/product_brand?post=22742"},{"taxonomy":"product_cat","embeddable":true,"href":"https:\/\/tssinformatique.tn\/index.php\/wp-json\/wp\/v2\/product_cat?post=22742"},{"taxonomy":"product_tag","embeddable":true,"href":"https:\/\/tssinformatique.tn\/index.php\/wp-json\/wp\/v2\/product_tag?post=22742"}],"curies":[{"name":"wp","href":"https:\/\/api.w.org\/{rel}","templated":true}]}}