{"id":22734,"date":"2025-03-30T21:37:18","date_gmt":"2025-03-30T21:37:18","guid":{"rendered":"https:\/\/tssinformatique.tn\/?post_type=product&#038;p=22734"},"modified":"2025-03-30T21:37:18","modified_gmt":"2025-03-30T21:37:18","slug":"support-pour-detecteur-hikvision","status":"publish","type":"product","link":"https:\/\/tssinformatique.tn\/index.php\/product\/support-pour-detecteur-hikvision\/","title":{"rendered":"SUPPORT POUR DETECTEUR HIKVISION"},"content":{"rendered":"","protected":false},"excerpt":{"rendered":"<p>SUPPORT POUR DETECTEUR HIKVISION Hikvision\u00a0&#8211; Prend en charge le c\u00e2blage cach\u00e9 et l&#8217;autoprotection &#8211; Conception anti-couple &#8211; Sc\u00e9nario d&#8217;application: \u00b150\u00b0 horizontal r\u00e9glable &#8211; montage mural &#8211; Mat\u00e9riau de la coque: abdos &#8211; Couleur Blanc<\/p>\n","protected":false},"featured_media":22735,"comment_status":"open","ping_status":"closed","template":"","meta":[],"pwb-brand":[97],"product_brand":[],"product_cat":[45,39],"product_tag":[],"class_list":{"0":"post-22734","1":"product","2":"type-product","3":"status-publish","4":"has-post-thumbnail","6":"pwb-brand-hikvision","7":"product_cat-detecteur-de-mouvement","8":"product_cat-systeme-alarme-maison","10":"first","11":"instock","12":"shipping-taxable","13":"purchasable","14":"product-type-simple"},"brands":[{"id":97,"name":"hikvision","slug":"hikvision"}],"_links":{"self":[{"href":"https:\/\/tssinformatique.tn\/index.php\/wp-json\/wp\/v2\/product\/22734","targetHints":{"allow":["GET"]}}],"collection":[{"href":"https:\/\/tssinformatique.tn\/index.php\/wp-json\/wp\/v2\/product"}],"about":[{"href":"https:\/\/tssinformatique.tn\/index.php\/wp-json\/wp\/v2\/types\/product"}],"replies":[{"embeddable":true,"href":"https:\/\/tssinformatique.tn\/index.php\/wp-json\/wp\/v2\/comments?post=22734"}],"wp:featuredmedia":[{"embeddable":true,"href":"https:\/\/tssinformatique.tn\/index.php\/wp-json\/wp\/v2\/media\/22735"}],"wp:attachment":[{"href":"https:\/\/tssinformatique.tn\/index.php\/wp-json\/wp\/v2\/media?parent=22734"}],"wp:term":[{"taxonomy":"pwb-brand","embeddable":true,"href":"https:\/\/tssinformatique.tn\/index.php\/wp-json\/wp\/v2\/pwb-brand?post=22734"},{"taxonomy":"product_brand","embeddable":true,"href":"https:\/\/tssinformatique.tn\/index.php\/wp-json\/wp\/v2\/product_brand?post=22734"},{"taxonomy":"product_cat","embeddable":true,"href":"https:\/\/tssinformatique.tn\/index.php\/wp-json\/wp\/v2\/product_cat?post=22734"},{"taxonomy":"product_tag","embeddable":true,"href":"https:\/\/tssinformatique.tn\/index.php\/wp-json\/wp\/v2\/product_tag?post=22734"}],"curies":[{"name":"wp","href":"https:\/\/api.w.org\/{rel}","templated":true}]}}