{"id":21924,"date":"2025-02-10T18:46:51","date_gmt":"2025-02-10T18:46:51","guid":{"rendered":"https:\/\/tssinformatique.tn\/?post_type=product&#038;p=21924"},"modified":"2025-03-20T01:43:00","modified_gmt":"2025-03-20T01:43:00","slug":"connecteur-bnc-a-sertir-pour-camera","status":"publish","type":"product","link":"https:\/\/tssinformatique.tn\/index.php\/product\/connecteur-bnc-a-sertir-pour-camera\/","title":{"rendered":"Connecteur BNC \u00e0 Sertir Pour Cam\u00e9ra"},"content":{"rendered":"<h2>Fiche BNC \u00c0 Sertir Pour Cam\u00e9ra De Surveillance<\/h2>\n<p>&nbsp;<\/p>\n<p class=\"stincagen\">Le\u00a0<a href=\"https:\/\/fr.wikipedia.org\/wiki\/Connecteur_BNC\">connecteur BNC<\/a>\u00a0est un mod\u00e8le de connecteur RF utilis\u00e9 en terminaison de c\u00e2ble coaxial. Quelques-uns d\u00e9finissent l&#8217;abr\u00e9viation BNC comme \u00e9tant\u00a0: Baby Neill-Concelman &#8211; car il est plus petit que les connecteurs N et C.<\/p>\n<p>Le\u00a0<b>connecteur BNC<\/b>\u00a0(<b>connecteur\u00a0<i>Bayonet Neill-Concelman<\/i><\/b>) est un mod\u00e8le de connecteur RF utilis\u00e9 en terminaison de c\u00e2ble coaxial. Quelques-uns d\u00e9finissent l&#8217;abr\u00e9viation\u00a0<b>BNC<\/b>\u00a0comme \u00e9tant\u00a0:\u00a0<i>Baby Neill-Concelman<\/i>\u00a0&#8211; car il est plus petit que les connecteurs\u00a0<i>N<\/i>\u00a0et\u00a0<i>C<\/i>. Il a \u00e9t\u00e9 aussi\u00a0<b>incorrectement<\/b>\u00a0d\u00e9fini comme \u00e9tant\u00a0:\u00a0<i>Bayonet Navy Connector<\/i>,\u00a0<i>British Naval Connector<\/i>, ou\u00a0<i>Bayonet Nut Connector<\/i>.<\/p>\n<p><img fetchpriority=\"high\" decoding=\"async\" class=\"mw-mmv-final-image jpg mw-mmv-dialog-is-open aligncenter\" src=\"https:\/\/upload.wikimedia.org\/wikipedia\/commons\/thumb\/9\/90\/BNC_connector_20050720_001.jpg\/1280px-BNC_connector_20050720_001.jpg\" width=\"500\" height=\"375\" \/><\/p>\n<p>Le connecteur BNC fait partie des connecteurs \u00e0 ba\u00efonnette, appel\u00e9s ainsi selon le mouvement rotatif effectu\u00e9 pour fixer une ba\u00efonnette. Nomm\u00e9 ainsi selon Paul Neill des laboratoires Bell Labs (inventeur du connecteur N) et de l&#8217;ing\u00e9nieur d&#8217;Amphenol Carl Concelman (inventeur du connecteur C), le connecteur BNC a \u00e9t\u00e9 originellement cr\u00e9\u00e9 comme un mod\u00e8le miniature du connecteur Type C.<\/p>\n<p>Il est souvent utilis\u00e9 pour les r\u00e9seaux Ethernet fins, 10BASE2, tant sur le c\u00e2ble de liaison que sur la carte r\u00e9seau. D&#8217;autres usages courants comprennent les connexions vid\u00e9o professionnelles, pour les signaux analogiques comme num\u00e9riques, les connexions d&#8217;antennes radioamateur, et presque l&#8217;ensemble des outils de test \u00e9lectronique fabriqu\u00e9s dans les 35 derni\u00e8res ann\u00e9es ou plus, telles par exemple, les sondes d&#8217;oscilloscope.<\/p>\n<p><img decoding=\"async\" class=\"aligncenter\" src=\"https:\/\/www.media-rdc.com\/medias\/5081e315fb9930029bfaae13cd69c670\/p_580x580\/image.jpg\" alt=\"image.jpg\" width=\"500\" \/>Ces connecteurs ont g\u00e9n\u00e9ralement une imp\u00e9dance de 50 ohm ou, surtout en audio\/vid\u00e9o, de 75 ohm. La diff\u00e9rence entre les deux se situe en l&#8217;augmentation de la permittivit\u00e9 en 75 ohm par l&#8217;ajout d&#8217;un manchon isolant entre les conducteurs int\u00e9rieur et ext\u00e9rieur du connecteur. La r\u00e8gle est d&#8217;utiliser un connecteur de la m\u00eame imp\u00e9dance que le c\u00e2ble.<\/p>\n","protected":false},"excerpt":{"rendered":"<ul>\n<li>Fiche BNC sertir m\u00e2le professionnel RG59\u00a0<b>sp\u00e9cification:<\/b><\/li>\n<li>Taille: 25 x 14 x 14 mm \/ 0,98 x 0,55 x 0,55 pouce<\/li>\n<\/ul>\n","protected":false},"featured_media":22634,"comment_status":"open","ping_status":"closed","template":"","meta":[],"pwb-brand":[],"product_brand":[],"product_cat":[96,88],"product_tag":[],"class_list":{"0":"post-21924","1":"product","2":"type-product","3":"status-publish","4":"has-post-thumbnail","6":"product_cat-cable-et-accessoires","7":"product_cat-camera-de-surveillance","9":"first","10":"instock","11":"shipping-taxable","12":"purchasable","13":"product-type-simple"},"brands":[],"_links":{"self":[{"href":"https:\/\/tssinformatique.tn\/index.php\/wp-json\/wp\/v2\/product\/21924","targetHints":{"allow":["GET"]}}],"collection":[{"href":"https:\/\/tssinformatique.tn\/index.php\/wp-json\/wp\/v2\/product"}],"about":[{"href":"https:\/\/tssinformatique.tn\/index.php\/wp-json\/wp\/v2\/types\/product"}],"replies":[{"embeddable":true,"href":"https:\/\/tssinformatique.tn\/index.php\/wp-json\/wp\/v2\/comments?post=21924"}],"wp:featuredmedia":[{"embeddable":true,"href":"https:\/\/tssinformatique.tn\/index.php\/wp-json\/wp\/v2\/media\/22634"}],"wp:attachment":[{"href":"https:\/\/tssinformatique.tn\/index.php\/wp-json\/wp\/v2\/media?parent=21924"}],"wp:term":[{"taxonomy":"pwb-brand","embeddable":true,"href":"https:\/\/tssinformatique.tn\/index.php\/wp-json\/wp\/v2\/pwb-brand?post=21924"},{"taxonomy":"product_brand","embeddable":true,"href":"https:\/\/tssinformatique.tn\/index.php\/wp-json\/wp\/v2\/product_brand?post=21924"},{"taxonomy":"product_cat","embeddable":true,"href":"https:\/\/tssinformatique.tn\/index.php\/wp-json\/wp\/v2\/product_cat?post=21924"},{"taxonomy":"product_tag","embeddable":true,"href":"https:\/\/tssinformatique.tn\/index.php\/wp-json\/wp\/v2\/product_tag?post=21924"}],"curies":[{"name":"wp","href":"https:\/\/api.w.org\/{rel}","templated":true}]}}